{"id":116,"date":"2018-02-15T15:05:20","date_gmt":"2018-02-15T14:05:20","guid":{"rendered":"http:\/\/demo.athemes.com\/astrid\/?page_id=116"},"modified":"2018-12-09T19:36:35","modified_gmt":"2018-12-09T18:36:35","slug":"gestion-du-patrimoine-arbore","status":"publish","type":"page","link":"https:\/\/arboriste-tree-felling.com\/index.php\/gestion-du-patrimoine-arbore\/","title":{"rendered":"Gestion du patrimoine arbor\u00e9"},"content":{"rendered":"<p style=\"text-align: justify;\"><em>Expertise, diagnostic phytosanitaire et conseil pour la gestion du patrimoine arbor\u00e9.<\/em><\/p>\n<p><!--more--><\/p>\n<p style=\"text-align: justify;\">Pour nous, la gestion du patrimoine arbor\u00e9 ne veut pas seulement dire entretenir vos arbres. Nous souhaitons r\u00e9ellement vous aider et vous conseiller pour obtenir une gestion durable de votre patrimoine arbor\u00e9.<\/p>\n<p style=\"text-align: justify;\">Nous sommes fiers de notre patrimoine arbor\u00e9 et des nombreux arbres remarquables et centenaires dont nous avons eu \u00e0 nous occuper. C&rsquo;est pourquoi nous mettons un point d&rsquo;honneur \u00e0 nous occuper de vos arbres et \u00e0 vous aider dans leur conservation et pr\u00e9servation. Leur long\u00e9vit\u00e9 peut aller sur des nombreuses ann\u00e9es, et c&rsquo;est notre fiert\u00e9 de les aider \u00e0 vieillir dans les meilleures conditions.<\/p>\n<p style=\"text-align: justify;\">Si nous pouvons commettre des erreurs, les arbres, eux, sans libert\u00e9 de choisir ne se trompent jamais. Ils d\u00e9ploient leur branches, feuilles et ramures. Autant de raisons pour aimer les arbres.<\/p>\n","protected":false},"excerpt":{"rendered":"<p>Expertise, diagnostic phytosanitaire et conseil pour la gestion du patrimoine arbor\u00e9.<\/p>\n","protected":false},"author":2,"featured_media":326,"parent":0,"menu_order":0,"comment_status":"closed","ping_status":"closed","template":"page-templates\/single-service.php","meta":{"footnotes":""},"class_list":["post-116","page","type-page","status-publish","has-post-thumbnail","hentry","clearfix"],"_links":{"self":[{"href":"https:\/\/arboriste-tree-felling.com\/index.php\/wp-json\/wp\/v2\/pages\/116","targetHints":{"allow":["GET"]}}],"collection":[{"href":"https:\/\/arboriste-tree-felling.com\/index.php\/wp-json\/wp\/v2\/pages"}],"about":[{"href":"https:\/\/arboriste-tree-felling.com\/index.php\/wp-json\/wp\/v2\/types\/page"}],"author":[{"embeddable":true,"href":"https:\/\/arboriste-tree-felling.com\/index.php\/wp-json\/wp\/v2\/users\/2"}],"replies":[{"embeddable":true,"href":"https:\/\/arboriste-tree-felling.com\/index.php\/wp-json\/wp\/v2\/comments?post=116"}],"version-history":[{"count":11,"href":"https:\/\/arboriste-tree-felling.com\/index.php\/wp-json\/wp\/v2\/pages\/116\/revisions"}],"predecessor-version":[{"id":668,"href":"https:\/\/arboriste-tree-felling.com\/index.php\/wp-json\/wp\/v2\/pages\/116\/revisions\/668"}],"wp:featuredmedia":[{"embeddable":true,"href":"https:\/\/arboriste-tree-felling.com\/index.php\/wp-json\/wp\/v2\/media\/326"}],"wp:attachment":[{"href":"https:\/\/arboriste-tree-felling.com\/index.php\/wp-json\/wp\/v2\/media?parent=116"}],"curies":[{"name":"wp","href":"https:\/\/api.w.org\/{rel}","templated":true}]}}