{"id":630,"date":"2018-12-03T20:11:52","date_gmt":"2018-12-03T19:11:52","guid":{"rendered":"http:\/\/arboriste-tree-felling.com\/?page_id=630"},"modified":"2018-12-09T19:53:27","modified_gmt":"2018-12-09T18:53:27","slug":"taille-de-reduction","status":"publish","type":"page","link":"https:\/\/arboriste-tree-felling.com\/index.php\/taille-de-reduction\/","title":{"rendered":"Taille de r\u00e9duction"},"content":{"rendered":"<div id=\"pl-630\"  class=\"panel-layout\" ><div id=\"pg-630-0\"  class=\"panel-grid panel-no-style\" ><div id=\"pgc-630-0-0\"  class=\"panel-grid-cell\" ><div id=\"panel-630-0-0-0\" class=\"widget_text so-panel widget widget_custom_html panel-first-child panel-last-child\" data-index=\"0\" ><div class=\"textwidget custom-html-widget\"><h3>\n\tTaille de r\u00e9duction, Paris\n<\/h3>\n\n<p>Pour am\u00e9liorer la sant\u00e9 de vos arbres ou contr\u00f4ler sa croissance nous effectuons des tailles de r\u00e9duction. Cette op\u00e9ration, qu'il faut de pr\u00e9f\u00e9rence effectuer en hiver, permet \u00e0 l\u2019arbre de retrouver sa vitalit\u00e9 \u00e0 partir du printemps. Elle permet aussi de contr\u00f4ler la croissance de l'arbre, notamment lorsqu'ils grandissent dans des espaces restreints. <\/p>\n\n<p>Quel que soit la taille que nous effectuons, notre priorit\u00e9 reste la sant\u00e9 de l'arbre. C'est pourquoi nous vous proposerons uniquement des tailles adapt\u00e9es aux besoins de l\u2019arbre. <\/p>\n<br>\n<p>Plus de photos :<\/p><\/div><\/div><\/div><\/div><div id=\"pg-630-1\"  class=\"panel-grid panel-no-style\" ><div id=\"pgc-630-1-0\"  class=\"panel-grid-cell\" ><div id=\"panel-630-1-0-0\" class=\"so-panel widget widget_sow-slider panel-first-child panel-last-child\" data-index=\"1\" ><div\n\t\t\t\n\t\t\tclass=\"so-widget-sow-slider so-widget-sow-slider-default-6d39609536fd-630\"\n\t\t\t\n\t\t>\t\t\t\t<div class=\"sow-slider-base\" style=\"display: none\" tabindex=\"0\">\n\t\t\t\t\t<ul\n\t\t\t\t\tclass=\"sow-slider-images\"\n\t\t\t\t\tdata-settings=\"{&quot;pagination&quot;:true,&quot;speed&quot;:800,&quot;timeout&quot;:8000,&quot;paused&quot;:false,&quot;pause_on_hover&quot;:false,&quot;swipe&quot;:true,&quot;nav_always_show_desktop&quot;:&quot;&quot;,&quot;nav_always_show_mobile&quot;:&quot;&quot;,&quot;breakpoint&quot;:&quot;780px&quot;,&quot;unmute&quot;:false,&quot;anchor&quot;:null}\"\n\t\t\t\t\t\t\t\t\t\tdata-anchor-id=\"\"\n\t\t\t\t>\t\t<li class=\"sow-slider-image\" style=\"visibility: visible;\" >\n\t\t\t\t\t\t<img loading=\"lazy\" decoding=\"async\" width=\"2700\" height=\"1800\" src=\"https:\/\/arboriste-tree-felling.com\/wp-content\/uploads\/2018\/12\/Taille-de-reduction-1.jpg\" class=\"sow-slider-background-image\" alt=\"Taille de r\u00e9duction 1\" style=\"\" srcset=\"https:\/\/arboriste-tree-felling.com\/wp-content\/uploads\/2018\/12\/Taille-de-reduction-1.jpg 2700w, https:\/\/arboriste-tree-felling.com\/wp-content\/uploads\/2018\/12\/Taille-de-reduction-1-300x200.jpg 300w, https:\/\/arboriste-tree-felling.com\/wp-content\/uploads\/2018\/12\/Taille-de-reduction-1-768x512.jpg 768w, https:\/\/arboriste-tree-felling.com\/wp-content\/uploads\/2018\/12\/Taille-de-reduction-1-1024x683.jpg 1024w, https:\/\/arboriste-tree-felling.com\/wp-content\/uploads\/2018\/12\/Taille-de-reduction-1-700x467.jpg 700w, https:\/\/arboriste-tree-felling.com\/wp-content\/uploads\/2018\/12\/Taille-de-reduction-1-520x347.jpg 520w, https:\/\/arboriste-tree-felling.com\/wp-content\/uploads\/2018\/12\/Taille-de-reduction-1-360x240.jpg 360w, https:\/\/arboriste-tree-felling.com\/wp-content\/uploads\/2018\/12\/Taille-de-reduction-1-250x167.jpg 250w, https:\/\/arboriste-tree-felling.com\/wp-content\/uploads\/2018\/12\/Taille-de-reduction-1-100x67.jpg 100w, https:\/\/arboriste-tree-felling.com\/wp-content\/uploads\/2018\/12\/Taille-de-reduction-1-272x182.jpg 272w\" sizes=\"auto, (max-width: 2700px) 100vw, 2700px\" \/>\t\t<\/li>\n\t\t\t\t<li class=\"sow-slider-image\" style=\"visibility: hidden;\" >\n\t\t\t\t\t\t<img loading=\"lazy\" decoding=\"async\" width=\"2700\" height=\"1800\" src=\"https:\/\/arboriste-tree-felling.com\/wp-content\/uploads\/2018\/12\/Taille-de-reduction-2.jpg\" class=\"sow-slider-background-image\" alt=\"Taille de r\u00e9duction 2\" style=\"\" srcset=\"https:\/\/arboriste-tree-felling.com\/wp-content\/uploads\/2018\/12\/Taille-de-reduction-2.jpg 2700w, https:\/\/arboriste-tree-felling.com\/wp-content\/uploads\/2018\/12\/Taille-de-reduction-2-300x200.jpg 300w, https:\/\/arboriste-tree-felling.com\/wp-content\/uploads\/2018\/12\/Taille-de-reduction-2-768x512.jpg 768w, https:\/\/arboriste-tree-felling.com\/wp-content\/uploads\/2018\/12\/Taille-de-reduction-2-1024x683.jpg 1024w, https:\/\/arboriste-tree-felling.com\/wp-content\/uploads\/2018\/12\/Taille-de-reduction-2-700x467.jpg 700w, https:\/\/arboriste-tree-felling.com\/wp-content\/uploads\/2018\/12\/Taille-de-reduction-2-520x347.jpg 520w, https:\/\/arboriste-tree-felling.com\/wp-content\/uploads\/2018\/12\/Taille-de-reduction-2-360x240.jpg 360w, https:\/\/arboriste-tree-felling.com\/wp-content\/uploads\/2018\/12\/Taille-de-reduction-2-250x167.jpg 250w, https:\/\/arboriste-tree-felling.com\/wp-content\/uploads\/2018\/12\/Taille-de-reduction-2-100x67.jpg 100w, https:\/\/arboriste-tree-felling.com\/wp-content\/uploads\/2018\/12\/Taille-de-reduction-2-272x182.jpg 272w\" sizes=\"auto, (max-width: 2700px) 100vw, 2700px\" \/>\t\t<\/li>\n\t\t\t\t<li class=\"sow-slider-image\" style=\"visibility: hidden;\" >\n\t\t\t\t\t\t<img loading=\"lazy\" decoding=\"async\" width=\"2700\" height=\"1800\" src=\"https:\/\/arboriste-tree-felling.com\/wp-content\/uploads\/2018\/12\/Taille-de-reduction-3.jpg\" class=\"sow-slider-background-image\" alt=\"Taille de r\u00e9duction 3\" style=\"\" srcset=\"https:\/\/arboriste-tree-felling.com\/wp-content\/uploads\/2018\/12\/Taille-de-reduction-3.jpg 2700w, https:\/\/arboriste-tree-felling.com\/wp-content\/uploads\/2018\/12\/Taille-de-reduction-3-300x200.jpg 300w, https:\/\/arboriste-tree-felling.com\/wp-content\/uploads\/2018\/12\/Taille-de-reduction-3-768x512.jpg 768w, https:\/\/arboriste-tree-felling.com\/wp-content\/uploads\/2018\/12\/Taille-de-reduction-3-1024x683.jpg 1024w, https:\/\/arboriste-tree-felling.com\/wp-content\/uploads\/2018\/12\/Taille-de-reduction-3-700x467.jpg 700w, https:\/\/arboriste-tree-felling.com\/wp-content\/uploads\/2018\/12\/Taille-de-reduction-3-520x347.jpg 520w, https:\/\/arboriste-tree-felling.com\/wp-content\/uploads\/2018\/12\/Taille-de-reduction-3-360x240.jpg 360w, https:\/\/arboriste-tree-felling.com\/wp-content\/uploads\/2018\/12\/Taille-de-reduction-3-250x167.jpg 250w, https:\/\/arboriste-tree-felling.com\/wp-content\/uploads\/2018\/12\/Taille-de-reduction-3-100x67.jpg 100w, https:\/\/arboriste-tree-felling.com\/wp-content\/uploads\/2018\/12\/Taille-de-reduction-3-272x182.jpg 272w\" sizes=\"auto, (max-width: 2700px) 100vw, 2700px\" \/>\t\t<\/li>\n\t\t\t\t<li class=\"sow-slider-image\" style=\"visibility: hidden;\" >\n\t\t\t\t\t\t<img loading=\"lazy\" decoding=\"async\" width=\"1800\" height=\"2700\" src=\"https:\/\/arboriste-tree-felling.com\/wp-content\/uploads\/2018\/12\/Taille-de-reduction-4.jpg\" class=\"sow-slider-background-image\" alt=\"Taille de r\u00e9duction 4\" style=\"\" srcset=\"https:\/\/arboriste-tree-felling.com\/wp-content\/uploads\/2018\/12\/Taille-de-reduction-4.jpg 1800w, https:\/\/arboriste-tree-felling.com\/wp-content\/uploads\/2018\/12\/Taille-de-reduction-4-200x300.jpg 200w, https:\/\/arboriste-tree-felling.com\/wp-content\/uploads\/2018\/12\/Taille-de-reduction-4-768x1152.jpg 768w, https:\/\/arboriste-tree-felling.com\/wp-content\/uploads\/2018\/12\/Taille-de-reduction-4-683x1024.jpg 683w, https:\/\/arboriste-tree-felling.com\/wp-content\/uploads\/2018\/12\/Taille-de-reduction-4-700x1050.jpg 700w, https:\/\/arboriste-tree-felling.com\/wp-content\/uploads\/2018\/12\/Taille-de-reduction-4-520x780.jpg 520w, https:\/\/arboriste-tree-felling.com\/wp-content\/uploads\/2018\/12\/Taille-de-reduction-4-360x540.jpg 360w, https:\/\/arboriste-tree-felling.com\/wp-content\/uploads\/2018\/12\/Taille-de-reduction-4-250x375.jpg 250w, https:\/\/arboriste-tree-felling.com\/wp-content\/uploads\/2018\/12\/Taille-de-reduction-4-100x150.jpg 100w\" sizes=\"auto, (max-width: 1800px) 100vw, 1800px\" \/>\t\t<\/li>\n\t\t\t\t<li class=\"sow-slider-image\" style=\"visibility: hidden;\" >\n\t\t\t\t\t\t<img loading=\"lazy\" decoding=\"async\" width=\"1800\" height=\"2700\" src=\"https:\/\/arboriste-tree-felling.com\/wp-content\/uploads\/2018\/12\/Taille-de-reduction-5.jpg\" class=\"sow-slider-background-image\" alt=\"Taille de r\u00e9duction 5\" style=\"\" srcset=\"https:\/\/arboriste-tree-felling.com\/wp-content\/uploads\/2018\/12\/Taille-de-reduction-5.jpg 1800w, https:\/\/arboriste-tree-felling.com\/wp-content\/uploads\/2018\/12\/Taille-de-reduction-5-200x300.jpg 200w, https:\/\/arboriste-tree-felling.com\/wp-content\/uploads\/2018\/12\/Taille-de-reduction-5-768x1152.jpg 768w, https:\/\/arboriste-tree-felling.com\/wp-content\/uploads\/2018\/12\/Taille-de-reduction-5-683x1024.jpg 683w, https:\/\/arboriste-tree-felling.com\/wp-content\/uploads\/2018\/12\/Taille-de-reduction-5-700x1050.jpg 700w, https:\/\/arboriste-tree-felling.com\/wp-content\/uploads\/2018\/12\/Taille-de-reduction-5-520x780.jpg 520w, https:\/\/arboriste-tree-felling.com\/wp-content\/uploads\/2018\/12\/Taille-de-reduction-5-360x540.jpg 360w, https:\/\/arboriste-tree-felling.com\/wp-content\/uploads\/2018\/12\/Taille-de-reduction-5-250x375.jpg 250w, https:\/\/arboriste-tree-felling.com\/wp-content\/uploads\/2018\/12\/Taille-de-reduction-5-100x150.jpg 100w\" sizes=\"auto, (max-width: 1800px) 100vw, 1800px\" \/>\t\t<\/li>\n\t\t\t\t<li class=\"sow-slider-image\" style=\"visibility: hidden;\" >\n\t\t\t\t\t\t<img loading=\"lazy\" decoding=\"async\" width=\"2700\" height=\"1800\" src=\"https:\/\/arboriste-tree-felling.com\/wp-content\/uploads\/2018\/12\/Taille-de-reduction-6.jpg\" class=\"sow-slider-background-image\" alt=\"Taille de r\u00e9duction 6\" style=\"\" srcset=\"https:\/\/arboriste-tree-felling.com\/wp-content\/uploads\/2018\/12\/Taille-de-reduction-6.jpg 2700w, https:\/\/arboriste-tree-felling.com\/wp-content\/uploads\/2018\/12\/Taille-de-reduction-6-300x200.jpg 300w, https:\/\/arboriste-tree-felling.com\/wp-content\/uploads\/2018\/12\/Taille-de-reduction-6-768x512.jpg 768w, https:\/\/arboriste-tree-felling.com\/wp-content\/uploads\/2018\/12\/Taille-de-reduction-6-1024x683.jpg 1024w, https:\/\/arboriste-tree-felling.com\/wp-content\/uploads\/2018\/12\/Taille-de-reduction-6-700x467.jpg 700w, https:\/\/arboriste-tree-felling.com\/wp-content\/uploads\/2018\/12\/Taille-de-reduction-6-520x347.jpg 520w, https:\/\/arboriste-tree-felling.com\/wp-content\/uploads\/2018\/12\/Taille-de-reduction-6-360x240.jpg 360w, https:\/\/arboriste-tree-felling.com\/wp-content\/uploads\/2018\/12\/Taille-de-reduction-6-250x167.jpg 250w, https:\/\/arboriste-tree-felling.com\/wp-content\/uploads\/2018\/12\/Taille-de-reduction-6-100x67.jpg 100w, https:\/\/arboriste-tree-felling.com\/wp-content\/uploads\/2018\/12\/Taille-de-reduction-6-272x182.jpg 272w\" sizes=\"auto, (max-width: 2700px) 100vw, 2700px\" \/>\t\t<\/li>\n\t\t<\/ul>\t\t\t\t<ol class=\"sow-slider-pagination\">\n\t\t\t\t\t\t\t\t\t\t\t<li><a href=\"#\" data-goto=\"0\" aria-label=\"Display slide 1\"><\/a><\/li>\n\t\t\t\t\t\t\t\t\t\t\t<li><a href=\"#\" data-goto=\"1\" aria-label=\"Display slide 2\"><\/a><\/li>\n\t\t\t\t\t\t\t\t\t\t\t<li><a href=\"#\" data-goto=\"2\" aria-label=\"Display slide 3\"><\/a><\/li>\n\t\t\t\t\t\t\t\t\t\t\t<li><a href=\"#\" data-goto=\"3\" aria-label=\"Display slide 4\"><\/a><\/li>\n\t\t\t\t\t\t\t\t\t\t\t<li><a href=\"#\" data-goto=\"4\" aria-label=\"Display slide 5\"><\/a><\/li>\n\t\t\t\t\t\t\t\t\t\t\t<li><a href=\"#\" data-goto=\"5\" aria-label=\"Display slide 6\"><\/a><\/li>\n\t\t\t\t\t\t\t\t\t<\/ol>\n\n\t\t\t\t<div class=\"sow-slide-nav sow-slide-nav-next\">\n\t\t\t\t\t<a href=\"#\" data-goto=\"next\" aria-label=\"Next slide\" data-action=\"next\">\n\t\t\t\t\t\t<em class=\"sow-sld-icon-thin-right\"><\/em>\n\t\t\t\t\t<\/a>\n\t\t\t\t<\/div>\n\n\t\t\t\t<div class=\"sow-slide-nav sow-slide-nav-prev\">\n\t\t\t\t\t<a href=\"#\" data-goto=\"previous\" aria-label=\"Previous slide\" data-action=\"prev\">\n\t\t\t\t\t\t<em class=\"sow-sld-icon-thin-left\"><\/em>\n\t\t\t\t\t<\/a>\n\t\t\t\t<\/div>\n\t\t\t\t<\/div><\/div><\/div><\/div><\/div><\/div>","protected":false},"excerpt":{"rendered":"<p>Taille de r\u00e9duction, Paris Pour am\u00e9liorer la sant\u00e9 de vos arbres ou contr\u00f4ler sa croissance nous effectuons des tailles de r\u00e9duction. Cette op\u00e9ration, qu&rsquo;il faut de pr\u00e9f\u00e9rence effectuer en hiver, permet \u00e0 l\u2019arbre de retrouver sa vitalit\u00e9 \u00e0 partir du [&hellip;]<\/p>\n","protected":false},"author":1,"featured_media":631,"parent":0,"menu_order":0,"comment_status":"closed","ping_status":"closed","template":"page-templates\/single-project.php","meta":{"footnotes":""},"class_list":["post-630","page","type-page","status-publish","has-post-thumbnail","hentry","clearfix"],"_links":{"self":[{"href":"https:\/\/arboriste-tree-felling.com\/index.php\/wp-json\/wp\/v2\/pages\/630","targetHints":{"allow":["GET"]}}],"collection":[{"href":"https:\/\/arboriste-tree-felling.com\/index.php\/wp-json\/wp\/v2\/pages"}],"about":[{"href":"https:\/\/arboriste-tree-felling.com\/index.php\/wp-json\/wp\/v2\/types\/page"}],"author":[{"embeddable":true,"href":"https:\/\/arboriste-tree-felling.com\/index.php\/wp-json\/wp\/v2\/users\/1"}],"replies":[{"embeddable":true,"href":"https:\/\/arboriste-tree-felling.com\/index.php\/wp-json\/wp\/v2\/comments?post=630"}],"version-history":[{"count":6,"href":"https:\/\/arboriste-tree-felling.com\/index.php\/wp-json\/wp\/v2\/pages\/630\/revisions"}],"predecessor-version":[{"id":688,"href":"https:\/\/arboriste-tree-felling.com\/index.php\/wp-json\/wp\/v2\/pages\/630\/revisions\/688"}],"wp:featuredmedia":[{"embeddable":true,"href":"https:\/\/arboriste-tree-felling.com\/index.php\/wp-json\/wp\/v2\/media\/631"}],"wp:attachment":[{"href":"https:\/\/arboriste-tree-felling.com\/index.php\/wp-json\/wp\/v2\/media?parent=630"}],"curies":[{"name":"wp","href":"https:\/\/api.w.org\/{rel}","templated":true}]}}